a composite number?
True
Is 77279779 composite?
False
Is 2052703 a composite number?
True
Is 662390283 a prime number?
False
Is 144252529 a prime number?
False
Is 246142483 composite?
False
Is 64051879 prime?
False
Is 12390517 composite?
False
Is 113704081 a prime number?
True
Is 1116821269 a prime number?
False
Is 232952033 a prime number?
False
Is 128547121 a prime number?
False
Is 2664923 a prime number?
True
Is 39672619 prime?
False
Is 84037957 a prime number?
True
Is 10800611 prime?
False
Is 2403749 composite?
True
Is 5984421 a prime number?
False
Is 34895561 prime?
True
Is 83905301 prime?
False
Is 13416719 a composite number?
False
Is 185329231 prime?
True
Is 558603141 prime?
False
Is 87415781 a composite number?
False
Is 18819173 composite?
True
Is 1584479 a composite number?
True
Is 21053 a prime number?
False
Is 9796193 a prime number?
False
Is 478846273 composite?
False
Is 213098561 composite?
True
Is 56269121 prime?
True
Is 17761231 a prime number?
False
Is 21621823 prime?
True
Is 7863385 a prime number?
False
Is 111989 a prime number?
False
Is 25653421 composite?
False
Is 3115001 a composite number?
True
Is 111515069 a prime number?
True
Is 1980991 composite?
False
Is 4556467 a prime number?
True
Is 15461506 prime?
False
Is 6499289 a composite number?
False
Is 68787769 composite?
False
Is 12173059 composite?
False
Is 890015507 a prime number?
True
Is 4131997 a composite number?
True
Is 80047031 a composite number?
False
Is 7419463 composite?
True
Is 1785241 a prime number?
True
Is 33331357 prime?
False
Is 30395217 prime?
False
Is 3269573 prime?
False
Is 549313 a composite number?
False
Is 374669 prime?
True
Is 16937339 prime?
True
Is 1240181 prime?
True
Is 195032087 a composite number?
False
Is 610229 prime?
True
Is 251809673 composite?
False
Is 29533831 composite?
True
Is 5579039 a prime number?
False
Is 159312871 a composite number?
False
Is 1098571 a composite number?
True
Is 19183949 a prime number?
True
Is 725273 a prime number?
True
Is 47075471 a composite number?
True
Is 192942443 a prime number?
False
Is 3895037 a composite number?
False
Is 2422411 a composite number?
False
Is 164731439 prime?
True
Is 7065103 a prime number?
False
Is 532790813 composite?
True
Is 372771517 composite?
False
Is 657789319 composite?
True
Is 1616081 prime?
False
Is 34273699 composite?
False
Is 21811973 a composite number?
True
Is 100109921 a composite number?
False
Is 4313783 prime?
True
Is 41674211 prime?
True
Is 8919959 composite?
False
Is 78668033 prime?
True
Is 28175929 a composite number?
True
Is 55490863 composite?
False
Is 546821 composite?
True
Is 2464199 a prime number?
True
Is 6629137 a prime number?
False
Is 207006082 a composite number?
True
Is 72366389 a composite number?
False
Is 559849945 a prime number?
False
Is 24694099 prime?
True
Is 4095109 composite?
False
Is 8053523 a prime number?
False
Is 21277469 composite?
False
Is 26222523 composite?
True
Is 171142 a prime number?
False
Is 77441081 composite?
False
Is 232197799 prime?
True
Is 2489983 composite?
True
Is 640754 composite?
True
Is 66436861 a prime number?
True
Is 190749799 prime?
True
Is 93593099 a composite number?
False
Is 4512754 composite?
True
Is 113579293 prime?
True
Is 576715 composite?
True
Is 97316669 a prime number?
True
Is 1673893 a prime number?
False
Is 7731083 a composite number?
True
Is 4878649 prime?
False
Is 1121147 a prime number?
True
Is 5811541 a prime number?
False
Is 398119399 composite?
False
Is 30138887 composite?
False
Is 865354085 composite?
True
Is 19094533 a prime number?
False
Is 302903 prime?
True
Is 2059163 a composite number?
True
Is 12366883 prime?
True
Is 52259687 a prime number?
True
Is 175644857 a prime number?
True
Is 63887531 a prime number?
True
Is 310703 prime?
False
Is 2342651 prime?
False
Is 2863727 a prime number?
False
Is 10602797 composite?
False
Is 342552337 a prime number?
True
Is 259391 prime?
False
Is 62992757 prime?
True
Is 89378257 prime?
True
Is 5662493 composite?
True
Is 13131607 a prime number?
True
Is 13532239 a prime number?
False
Is 34218367 a prime number?
True
Is 2823047 a prime number?
True
Is 332605421 composite?
False
Is 76169179 composite?
False
Is 3499801 a prime number?
False
Is 50917963 composite?
False
Is 7131119 a composite number?
False
Is 1080312305 composite?
True
Is 34635847 prime?
True
Is 1130251279 a composite number?
False
Is 40069717 a composite number?
False
Is 13668827 composite?
False
Is 7434283 a prime number?
True
Is 22432457 a composite number?
True
Is 36894881 a prime number?
True
Is 379273 composite?
False
Is 1154863 prime?
True
Is 135385066 a prime number?
False
Is 1154819 a prime number?
True
Is 155798161 a composite number?
False
Is 103226 prime?
False
Is 2412353 composite?
True
Is 1909811 prime?
True
Is 228216563 a composite number?
True
Is 94391229 a composite number?
True
Is 124694 a composite number?
True
Is 4730771 composite?
False
Is 123052999 a composite number?
False
Is 746128813 a composite number?
False
Is 1007081 prime?
True
Is 350258 a prime number?
False
Is 526213 composite?
False
Is 403951 a prime number?
True
Is 6295946 a prime number?
False
Is 592184869 prime?
False
Is 1843409 a prime number?
False
Is 912127 a composite number?
True
Is 84548983 prime?
False
Is 356024809 prime?
False
Is 10242581 a composite number?
False
Is 2782921 a composite number?
False
Is 8108043 a composite number?
True
Is 8149211 composite?
True
Is 115206779 composite?
True
Is 703897 prime?
True
Is 1817947 composite?
False
Is 2940253 composite?
True
Is 1389727 a prime number?
True
Is 300859997 prime?
True
Is 21255995 a composite number?
True
Is 24050093 a prime number?
True
Is 6831131 a composite number?
False
Is 2437243 prime?
False
Is 124426439 a composite number?
False
Is 1810379 a composite number?
True
Is 18141343 composite?
True
Is 15895703 a prime number?
False
Is 90554807 prime?
False
Is 3804239 a composite number?
True
Is 9581141 a prime number?
True
Is 7327297 prime?
True
Is 5065 a composite number?
True
Is 24856519 composite?
False
Is 41970811 composite?
True
Is 1026959 a prime number?
False
Is 3399083 prime?
True
Is 5545541 a prime number?
False
Is 355193 a prime number?
True
Is 35179 a composite number?
True
Is 396079319 prime?
True
Is 55782883 composite?
True
Is 7065137 composite?
True
Is 642670939 a composite number?
False
Is 251276009 a composite number?
False
Is 236429 a composite number?
False
Is 21602417 prime?
True
Is 267004009 a composite number?
True
Is 18631751 prime?
True
Is 32900309 composite?
True
Is 171573847 composite?
True
Is 13944707 composite?
True
Is 2125247 prime?
False
Is 7915273 a composite number?
False
Is 328366387 prime?
True
Is 24923291 composite?
False
Is 53181169 prime?
True
Is 21763481 prime?
True
Is 9738401 a prime number?
True
Is 5282861 a prime number?
True
Is 2632139 a prime number?
False
Is 870547 prime?
True
Is 39465871 a prime number?
False
Is 21971881 a prime number?
True
Is 5370773 composite?
False
Is 276851 a composite number?
True
Is 726367 a prime number?
True
Is 2685257 a prime number?
True
Is 1664501 prime?
True
Is 52721939 a composite number?
False
Is 2663867 composite?
False
Is 9973429 a prime number?
False
Is 40607363 a composite number?
False
Is 2242029 a prime number?
False
Is 7968179 composite?
True
Is 986971 composite?
True
Is 95651 composite?
False
Is 37342597 prime?
True
Is 1671783 a prime number?
False
Is 31450106 a composite number?
True
Is 51881819 composite?
True
Is 40559759 composite?
False
Is 1823441 composite?
True
Is 67864661 prime?
True
Is 3016483 a composite number?
False
Is 143018083 composite?
True
Is 2059559 a prime number?
False
Is 200632007 a composite number?
False
Is 87171509 a prime number?
False
Is 29067743 a prime number?
False
Is 83333027 prime?
True
Is 258019 prime?
True
Is 5069251 a composite number?
True
Is 292334267 composite?
True
Is 158152361 prime?
False
Is 528098083 prime?
True
Is 4563267 prime?
False
Is 1451509 prime?
True
Is 17943131 composite?
False
Is 10396939 a prime number?
False
Is 440023 prime?
True
Is 162559721 composite?
False
Is 60218569 a prime number?
False
Is 857201 a composite number?
False
Is 11220179 composite?
False
Is 3856807 composite?
True
Is 72993133 a composite number?
True
Is 12